 2?
-10010010010001011
21131022 (base 4) to base 7
220626
What is -a46278 (base 13) in base 7?
-44434435
Convert a01a76 (base 13) to base 11.
2109633
What is 121102210121020 (base 3) in base 11?
4a26a77
-24100431 (base 5) to base 12
-a8573
115b87 (base 14) to base 8
2204553
What is -a9232 (base 14) in base 4?
-1203323030
What is 3011a (base 16) in base 6?
4115310
-b606b (base 15) to base 5
-121432401
20101102202 (base 3) to base 5
13010310
Convert 17a868 (base 11) to base 16.
43d82
Convert -3f02a (base 16) to base 5.
-31224330
11000111011000100110001 (base 2) to base 14
c20db3
Convert 73b29 (base 12) to base 5.
14330303
Convert 201000211 (base 4) to base 16.
21025
978986 (base 10) to base 16
ef02a
412433 (base 5) to base 3
200111202
What is -4530155 (base 6) in base 4?
-320001113
Convert -163086 (base 9) to base 14.
-28996
-121222212110 (base 3) to base 12
-141703
What is 1010111000010100000 (base 2) in base 8?
1270240
-502764 (base 16) to base 3
-100212212201020
Convert -142923 (base 11) to base 5.
-24122031
-1400254 (base 6) to base 14
-2053c
Convert 12222121222121 (base 3) to base 5.
1303300340
1744766 (base 9) to base 15
143b66
-572016 (base 8) to base 13
-6a136
What is -557427 (base 9) in base 13?
-b8a50
101100110100001000001 (base 2) to base 12
5a9995
3c4491 (base 14) to base 9
3828837
What is 114260 (base 10) in base 15?
23cc5
What is -64bf35 (base 16) in base 14?
-c3c269
Convert 100000010010000010100 (base 2) to base 9.
1882036
174b3 (base 12) to base 5
2033133
What is 212342051 (base 6) in base 9?
7062664
Convert -2023213001 (base 4) to base 9.
-1061368
Convert 2891a (base 14) to base 11.
6961a
What is -141bb0 (base 16) in base 3?
-2110221200201
Convert -21112103012 (base 4) to base 2.
-1001010110010011000110
-1110221111112 (base 3) to base 14
-166751
What is 47d30 (base 16) in base 9?
487500
What is -250bb48 (base 12) in base 5?
-3323034101
-39ba5 (base 12) to base 2
-10011011001101101
1103304 (base 6) to base 7
316624
7670840 (base 9) to base 10
4120992
Convert 111026 (base 7) to base 8.
46163
101110001100001000 (base 2) to base 16
2e308
Convert -11765438 (base 9) to base 8.
-26007563
-11222043130 (base 5) to base 12
-42bbba7
-98577 (base 12) to base 14
-534b9
What is -41062132 (base 8) in base 3?
-121022210211201
Convert 28201 (base 15) to base 9.
215481
663643 (base 8) to base 13
7a747
Convert -9a890 (base 15) to base 7.
-4114251
Convert -4141400203 (base 5) to base 4.
-200211320323
What is -4910 (base 12) in base 8?
-20034
-3c6c3 (base 13) to base 11
-78078
Convert -1526162 (base 7) to base 14.
-56069
-a510a3 (base 14) to base 15
-7514c2
What is 1008998 (base 10) in base 6?
33343142
What is 13205628 (base 9) in base 11?
373a22a
Convert 1000111111110011101011 (base 2) to base 14.
45572b
Convert 110000001 (base 3) to base 9.
13001
Convert 10100111011100111111110 (base 2) to base 10.
5487102
Convert -8758d2 (base 15) to base 12.
-21ab75b
Convert 10200001122021 (base 3) to base 15.
287ac7
Convert -17c862 (base 14) to base 5.
-203410233
What is -3431130 (base 5) in base 11?
-42162
What is -32357 (base 14) in base 16?
-1da39
110000230022 (base 4) to base 13
111888b
What is -1558844 (base 11) in base 6?
-133014341
Convert -19abc (base 15) to base 8.
-242743
196814 (base 13) to base 8
2347515
What is 9298816 (base 11) in base 3?
1010212200200020
2323420002 (base 5) to base 14
9bb946
What is -691777 (base 13) in base 2?
-1001011111011111011101
Convert 1021124 (base 6) to base 5.
3041031
What is -101011010110000100011 (base 2) in base 7?
-15033612
Convert -2911c3 (base 13) to base 6.
-33251344
Convert 15350155 (base 6) to base 16.
84977
What is -233441213 (base 5) in base 13?
-2b96a9
Convert 303702 (base 8) to base 5.
11202130
What is 17136 (base 9) in base 15?
3753
What is 2087204 (base 10) in base 6?
112422552
What is 29276 (base 15) in base 6?
2455550
37574 (base 15) to base 5
21123414
Convert 102330032103 (base 4) to base 10.
4965267
2465221 (base 8) to base 16
a6a91
6435150 (base 7) to base 10
782124
What is -11120020120010 (base 3) in base 10?
-2425791
-1bb79 (base 16) to base 14
-2d533
Convert 22333330030 (base 4) to base 8.
12777414
Convert 738a79 (base 12) to base 5.
431210024
What is 2512154 (base 6) in base 12?
6565a
148775 (base 11) to base 10
231192
What is -26178 (base 15) in base 4?
-131233232
What is 2065253 (base 9) in base 8?
4160267
What is 45368 (base 9) in base 6?
351442
-364636 (base 7) to base 9
-111221
What is -a7305 (base 14) in base 11?
-256558
11100100110100100 (base 2) to base 11
80026
Convert -11122202120 (base 3) to base 6.
-1544240
Convert 1111100010101110 (base 2) to base 16.
f8ae
What is -1110101101111011000 (base 2) in base 8?
-1655730
Convert -40143123 (base 6) to base 2.
-100010100101101011011
What is 1203121332 (base 4) in base 12?
177766
5ba6aa (base 13) to base 15
2d500a
Convert -1213212322 (base 4) to base 14.
-b092a
Convert 21540044 (base 6) to base 3.
1020001111001
-668464 (base 10) to base 9
-1227857
What is -483300 (base 10) in base 6?
-14205300
-100012112202 (base 3) to base 9
-305482
Convert -5701131 (base 8) to base 10.
-1540697
Convert -10111011100010000001 (base 2) to base 7.
-6346305
What is 10aa815 (base 12) in base 9?
6034668
What is -1230110220 (base 4) in base 15?
-8b6e3
-2d28f9 (base 16) to base 4
-23102203321
Convert -2725806 (base 10) to base 11.
-15a1a36
What is -4170711 (base 8) in base 2?
-100001111000111001001
2232342313 (base 5) to base 14
933749
Convert 10532463 (base 7) to base 2.
11011111100011111100
51617 (base 11) to base 8
223020
Convert 16324cc (base 14) to base 12.
37872b0
Convert 11122331 (base 4) to base 9.
33412
46566 (base 14) to base 6
3400330
Convert -115b792 (base 12) to base 14.
-635db8
What is -26be2 (base 16) in base 8?
-465742
-2779c (base 14) to base 6
-2031342
What is 23033321011 (base 4) in base 3?
12112210211021
-4073461 (base 10) to base 14
-7806d7
What is -42324 (base 13) in base 15?
-254a0
-32404041 (base 6) to base 14
-1b1a09
-3cdb5 (base 14) to base 5
-14312013
What is 23707576 (base 8) in base 9?
10726330
What is 161250 (base 8) in base 5?
3324044
What is -993547 (base 13) in base 14?
-69c2c5
Convert 1101001111101100100111 (base 2) to base 11.
1a61766
What is -1330c (base 15) in base 3?
-10010021110
Convert -6bdcd (base 15) to base 16.
-53fb9
Convert 251123 (base 8) to base 7.
510340
-10274451 (base 10) to base 5
-10112240301
14578148 (base 10) to base 5
12213000043
Convert 1029160 (base 12) to base 2.
1011100110111110011000
Convert -403442301 (base 5) to base 15.
-2215d6
What is 3453897 (base 13) in base 3?
1010022210122100
Convert 1231341 (base 12) to base 7.
42105133
What is 3277711 (base 9) in base 8?
6565274
What is 10071674 (base 9) in base 8?
22331742
-3234414124 (base 5) to base 3
-111002011012112
What is -10101000010000100 (base 2) in base 7?
-506106
What is 2309544 (base 10) in base 4?
20303312220
What is -4249609 (base 10) in base 6?
-231030041
Convert 1697398 (base 12) to base 9.
8720308
Convert -164554 (base 11) to base 13.
-8c027
What is 103042443 (base 6) in base 15?
260cb6
101101110100101111001110 (base 2) to base 15
10c43ce
Convert 1b49c7 (base 13) to base 10.
695936
What is 3aa4a2 (base 11) in base 10?
643469
Convert 269897 (base 14) to base 10.
1332541
-31b5b (base 13) to base 5
-10333230
-111001010000 (base 2) to base 13
-188b
Convert -3233312133 (base 4) to base 9.
-1756570
14e2672 (base 15) to base 11
86047a7
-6c00c3 (base 14) to base 8
-16043253
211331112 (base 4) to base 6
3155450
What is -414633 (base 9) in base 12?
-ba579
Convert -206610 (base 8) to base 5.
-4202000
-20121112120111 (base 3) to base 6
-203153234
What is 11431751 (base 8) in base 6?
125355001
-d0bbc (base 14) to base 11
-312a59
-89639 (base 11) to base 6
-2441135
What is 6e1c85 (base 15) in base 8?
24067240
Convert -b584 (base 12) to base 13.
-9043
Convert 49347a (base 11) to base 7.
6430422
What is -423644 (base 10) in base 4?
-1213123130
Convert -164500401 (base 7) to base 11.
-63a1520
What is -51035 (base 6) in base 8?
-15077
211012120122021 (base 3) to base 8
55011656
Convert 204101 (base 5) to base 9.
10258
What is -a5523 (base 12) in base 8?
-647253
Convert -2138a (base 12) to base 13.
-16ba6
-36cdc5 (base 14) to base 9
-3474313
What is -1707a (base